- 6*b**2 - 1/2*b**3 + 0*b - o*b**4. What is c(3)?
-6
Let z = -2 + 3. Let t(u) = -3*u + 14. Let h(r) = 4*r - 21. Let n(y) = 4*h(y) + 6*t(y). What is n(z)?
-2
Let o = -11 - -15. Suppose 1 = o*f + 5. Let p(i) = 3*i - 5. Let t(l) = 6*l - 11. Let y(z) = -13*p(z) + 6*t(z). Give y(f).
2
Let i(z) = z**2 + 11*z - 1. Let c(q) = q**2 + 12*q. Let f(t) = -6*c(t) + 7*i(t). Determine f(-6).
-1
Let l(f) = f**2 + 7*f - 9. Let a(q) = -2*q**2 - 16*q - 8. Let r be a(-8). Determine l(r).
-1
Let x(c) = 2*c + c**2 + 1 - 2*c. Let w be x(-1). Let o(y) be the third derivative of y**4/12 + y**2 - 14*y. What is o(w)?
4
Let i(j) = j + 1. Suppose 14 = d - 5*u, 2*d + 4*u - 33 = -5. Determine i(d).
15
Let m(s) = -6*s + 21*s - 9 - 16*s. What is m(-11)?
2
Let t(w) = -2*w + 3. Suppose p = -2*k - 2, -4*p + k + 16 = -3*k. Let j = p - -1. Let n = -1 + j. Give t(n).
-1
Let i(l) = l**3 + 7*l**2 + 7. Suppose -5*n + 18 = -4*y - 33, 4*n + 5*y - 8 = 0. Suppose 4*m = n*m + 21. Give i(m).
7
Let o(h) be the second derivative of h**5/20 - h**4/12 - 3*h**2 + 3*h + 159. Give o(0).
-6
Let n(j) = -3*j**2 + 4 + j**3 - j**3 - 1 + j**3 - 2*j. Let a(d) = d**2 - 2*d - 1. Let z be a(3). Give n(z).
-5
Let h(i) = 13*i - i**2 - 4 - 9*i + 9. Let f be 1 + (1 + 9)/(-1). Let s be (-1)/(f/(-12) + -1). Give h(s).
5
Let r(s) = -s + 1. Let i be r(-2). Suppose 0 = -3*k - i*k + 12. Let o(q) = q - 2. Determine o(k).
0
Suppose 0 = 2*n - 4*n + 4. Let g(c) = -c - 2 + n - 5. What is g(-3)?
-2
Let j be -1*20*1/(-2). Suppose -3*m + 6 = -m. Suppose j = 5*s, 3*a + 3*s - m = -9. Let f(u) = u + 2. What is f(a)?
-2
Suppose 3*i = -3*x - 3, 0*x = x + 5. Let a(d) = d**3 - 4*d**2 - 9*d + 6. Let f be a(6). Suppose -i*z = -8*z + f. Let m(r) = -r**3 + 6*r**2 - 4. Give m(z).
-4
Let p be (-65)/7 + 18/63 - 3. Let b(d) = -d**2 - 9*d + 28. Give b(p).
-8
Let o = -8 - -11. Let u(l) = -4*l. Let i(c) = -1. Let h(f) = -4*i(f) - u(f). Give h(o).
16
Let u = -10 + 9. Let x(q) be the second derivative of -q**8/420 - q**6/360 - q**5/120 - q**4/2 - 18*q. Let o(t) be the third derivative of x(t). Determine o(u).
17
Let w(o) = o + 2. Let f(b) = 2*b + 6. Let u(v) = v**3 + 6*v**2 + 8*v + 6. Let k be u(-5). Let a be f(k). Let n = -6 - a. Calculate w(n).
8
Let l be 3/2*(-4)/(-3). Let s(b) = 2*b**2 - l + 0*b**3 + b**2 + b**3 - 6*b. Suppose -4*x = 4*r + x + 11, -3 = -3*x. Calculate s(r).
6
Suppose 0*h + 2*h = -10. Suppose -43 = 9*m + 2. Let v(s) = 7*s + 3. Let z(x) = -11*x - 5. Let f(u) = m*z(u) - 8*v(u). Determine f(h).
6
Let h = -2 - -9. Let k(g) = -h*g + 3*g - 5 + g + 4. Let w be (-6)/5*20/6. Calculate k(w).
11
Let m(d) = d - 2*d - 4*d + d**2 + 10*d + 4. Give m(-3).
-2
Let f(d) = -4*d**3 + 2*d**2 - 8*d + 7. Let p(a) = 5*a**3 - 3*a**2 + 9*a - 8. Let r(v) = 6*f(v) + 5*p(v). What is r(4)?
6
Let y = -49 - -50. Let n(a) = 12*a + y - 3 - 11*a. Give n(-6).
-8
Let w(j) = j - 6. Let p be w(21). Let s(r) = -3*r + 45. Let f be s(p). Let x(v) be the second derivative of v**5/20 - v**4/12 - 9*v**2/2 + 3*v. Give x(f).
-9
Let i = 37 - 16. Let d be (-154)/i + -1 + (-2)/(-6). Let a(r) = r**2 + 6*r - 6. What is a(d)?
10
Let x(h) = 2*h - 22. Let j(v) = -v**2 + 7*v - 1. Let k be j(5). What is x(k)?
-4
Let m(a) = -14*a**2 - 2 - 6 - 14*a - 17*a**2 + 34*a**2. Let h(s) = -2*s**2 + 13*s + 9. Let p(v) = 4*h(v) + 3*m(v). What is p(-9)?
3
Suppose 8*z - 3*z = 10. Let r(u) = 84*u - 3*u**z - u**3 + 3*u**2 - 83*u. What is r(0)?
0
Let z(k) be the second derivative of k**5/20 + k**4/12 + k**3/6 - 3*k**2/2 - 5*k. Suppose 0 = -6*f + 5*f. Calculate z(f).
-3
Let v be (20/(-15))/((-4)/6). Let p(c) = -13*c**3 - 2*c**2 + 7*c + 5. Let q(h) = -2*h**3 - h**2 + h + 1. Let x(w) = p(w) - 6*q(w). What is x(v)?
9
Let b(j) be the third derivative of -1/4*j**4 - 1/6*j**3 + 8*j**2 + 0*j - 1. Determine b(1).
-7
Let w(p) = -134*p - 9. Let n(c) = -65*c - 4. Let m(v) = 13*n(v) - 6*w(v). Give m(-1).
43
Let k(g) be the third derivative of 0*g + 0 + 1/3*g**3 + g**2 - 1/6*g**4 - 1/60*g**5. Let j = -23 - -18. Calculate k(j).
-3
Suppose 0 = 4*c - 12 + 4. Let j be 2/(3/(-1 - -4)). Suppose -2*f = 0, h - c*f - 3*f + j = 0. Let w(x) = -x**3 - x**2 + 2*x + 1. What is w(h)?
1
Let o(i) = -15*i + 154. Let v be o(10). Let w(x) = -x**2 + 5*x - 4. Determine w(v).
0
Suppose -q - 4 = -10. Let r(n) = -n + n - 4 - 3*n - q*n**2 - 2*n. Let f(s) = 5*s**2 + 4*s + 3. Let k(a) = 4*f(a) + 3*r(a). Give k(-2).
6
Suppose 3*v - 6 - 9 = 0. Let d(w) = 4*w - 20. Let r be d(v). Let m(b) = -b**3 + b**2 + b + 13. Give m(r).
13
Let q(m) = -5*m - 9. Let l(p) = -11*p - 19. Let g(i) = 6*l(i) - 13*q(i). Suppose s - 5 + 1 = 0. Suppose -5*f + 3 + 4 = s*t, f + 16 = 5*t. Give g(t).
0
Let g(u) be the first derivative of -u**4/4 - 2*u**3 - 3*u**2/2 + 5*u - 276. What is g(-4)?
-15
Let j(h) = -51 - 7 + 2*h + 10 + 0*h. Give j(27).
6
Let u = 120 + -85. Let b = u - 38. Let d(r) = -r**3 - 3*r**2 - 3*r - 2. Calculate d(b).
7
Let w(i) = i**3 + 3*i**2 - 3*i - 1. Let v = -393 + 389. What is w(v)?
-5
Suppose -3*l - 2 = -l. Let m(t) = 5*t**2 - t. Let r be m(l). Suppose -r = 4*b - b. Let a(h) = 2*h**2 - 1. Give a(b).
7
Let f(s) = s**2 + s + 1. Let r(b) = -3*b**2 + 5*b - 6. Let c(w) = -2*f(w) - r(w). Suppose 6 - 26 = -4*l. Suppose 0 - 25 = -l*k. What is c(k)?
-6
Let v be -3*2/6 - (-6 - 0). Let n(c) be the second derivative of c**5/20 - c**4/3 - 5*c**3/6 + 2*c**2 + 23*c + 2. Determine n(v).
4
Let p(u) = -19*u + 1006 + 13*u - 1004 - u**2. Suppose 4*c = -8, 2*k = 3*c + 2*c - 2. Calculate p(k).
2
Suppose 0 = -11*o + 72 - 61. Let x(s) = 5*s - 1. Give x(o).
4
Suppose 0 = -3*z + 2*x - 3*x + 7, -3*z + 13 = -2*x. Suppose 5*v - 3*i = -25, v + 3*i = 2*i + z. Let h(o) = 8*o - 6*o - o. Determine h(v).
-2
Let u(z) = -z**3 - 16*z**2 - 17*z - 27. Let g be u(-15). Suppose 2 - 4 = -g*l - 2*r, -l + 3*r = 14. Let k(c) = -c**2 - 2*c - 1. Give k(l).
-1
Let f(x) = 9*x**2 + 4*x - 8*x**2 + 3 - 7*x. Let s be f(4). Let c(o) = o**3 - 6*o**2 - 8*o + 1. Determine c(s).
-6
Let u(j) be the third derivative of j**7/840 + j**6/60 + j**5/20 - 7*j**4/24 + 5*j**3/3 - 16*j**2. Let l(f) be the first derivative of u(f). Calculate l(-5).
-12
Let d(y) = y**3 - 5*y**2 - 8*y + 14. Let l = 330 - 324. What is d(l)?
2
Let o(q) = -40*q**2 - 45*q**2 - 21 + q - 46*q**2 + 132*q**2 - 12. Give o(0).
-33
Let t(v) be the third derivative of v**5/60 - v**4/4 - v**3/3 - 43*v**2. What is t(7)?
5
Let j(o) = -o**2 + 7*o + 1. Let x be j(7). Suppose 4*r = 11 + x. Suppose -3*p + l + 3 = -r, p + 4*l + 11 = 0. Let b(q) = 10*q - 1. Determine b(p).
9
Let z(b) = 4 - 3 - 1 + 7*b - 4*b - 3 + 2*b**2. Calculate z(3).
24
Let q(l) = -2532*l**2 + 3 + 2525*l**2 - 4*l**3 + 10*l + 3*l**3. Calculate q(-8).
-13
Let i = -2 + 3. Let w(q) be the first derivative of 3*q**4/2 - 2*q**3/3 + q**2/2 - 263. What is w(i)?
5
Let n(r) be the first derivative of -1/2*r**2 + 0*r - 3. Give n(-5).
5
Let u(c) = 4*c + 5. Let q(m) = -12*m - 15. Let k(y) = 3*q(y) + 8*u(y). Suppose -2*f + 5*t + 184 = 2*t, 3*t + 460 = 5*f. Let l = f + -96. Calculate k(l).
11
Let x(c) = -10*c**2 - c + 2. Let o(p) = -9*p**2 - p + 1. Let z(d) = -4*o(d) + 5*x(d). Let b(u) = 5*u**2 + u - 2. Let r(h) = 11*b(h) + 4*z(h). Determine r(6).
8
Let q(d) = -52 + 43 + 2*d - 4*d. Let x = -5 + 9. Suppose 4 = -3*w - 4*y - 6, 4*y - 32 = x*w. What is q(w)?
3
Let b(c) be the first derivative of -3*c**2/2 + 13*c - 113. Calculate b(0).
13
Suppose 3*g - 2*h = 232, -h - 15 = 2*h. Let k = -80 + g. Let t(y) = y**2 + 7*y + 2. Determine t(k).
-4
Let t(o) = o**3 + 6*o**2 - 6. Let p = -141 + 135. Give t(p).
-6
Let b be (-1)/(45/12 + -4). Suppose 0 = 5*s - c + 6*c - 10, -s - 3*c = -b. Let z(q) = 4*q - 2 - 3 + 5. Give z(s).
4
Let v(w) = w**2 - 8*w + 3. Let m(l) = 2*l - 6. Let b be -3 - ((-12)/3 - 4). Let d be m(b). Give v(d).
-13
Let z be 2 + 4 + (-1)/1. Let o(h) = -z*h + 2 - 3 + 3*h. What is o(-3)?
5
Suppose 0 = 15*y - 13*y - 2, 10 = a + 4*y. Let w(z) = z - 7. What is w(a)?
-1
Let q(x) = x**3 - 3*x**2 - 14*x + 29. Let k be q(3). Let b(y) = y**2 + 12*y - 16. What is b(k)?
-3
Let x(w) = -3*w**3 + 4*w**2 + 1. Let n = 33 + -44. Let r(b) = 16*b**3 - 21*b**2 - b - 6. Let p(h) = n*x(h) - 2*r(h). Calculate p(2).
5
Let t = -310 + 317. Let s(i) = i**3 - 8*i**2 + 10*i - 1. Determine s(t).
20
Let t(a) = 18*a**2 + a - 1. Let v be t(1). Let r be (12/v)/((-2)/(-6)). Let w(o) = r*o**2 + o**3 - 1 + o - 7*o**2 + 2 + 3. Calculate w